 = 2 - -3. Suppose 0 = n*s - 111 - 109. Calculate the remainder when s is divided by x(-7).
8
Suppose -2*k - 2*k = -8. Suppose -37*j + 17 = -36*j. What is the remainder when j is divided by 0 + 0 - (-10)/k?
2
Let p = 42 + -31. Let i(n) = -2*n + 34. What is the remainder when 83 is divided by i(p)?
11
Let i(y) = -y**2 + 6*y + 45. What is the remainder when i(6) is divided by 10?
5
Let o(l) = 8*l**2 - 16*l + 12. Calculate the remainder when o(6) is divided by 11.
6
Suppose 230*q = 224*q + 780. Calculate the remainder when q is divided by 11.
9
Suppose 149 = 3*u - 4*y - 67, -3*u - 5*y + 216 = 0. Calculate the remainder when u is divided by 19*(1 - -1)/2.
15
Let l = 15 - 5. Suppose z = a - 3*a + 69, 4*z + 5*a = 276. Calculate the remainder when z is divided by l.
9
Suppose -18*t = v - 21*t - 70, 0 = 2*v - 2*t - 120. Calculate the remainder when 157 is divided by v.
47
Suppose 3*f - 27 = 3*p, -5*p - 9 = -2*f + f. Suppose -9 = -5*x + 2*x. What is the remainder when 34/6*x + 0 is divided by f?
8
Suppose 0 = i + 5*c - 0*c - 29, 5*i + 4*c - 250 = 0. Calculate the remainder when 268 is divided by i.
52
Suppose -u + 57 + 0 = 0. Suppose -7*a - 15 = -4*f - 2*a, f - 35 = -5*a. What is the remainder when u is divided by f?
7
Let n(x) = x**3 - x**2 + 4*x - 2. What is the remainder when n(2) is divided by 7?
3
Suppose -3*u - 28 = -5*k, 7*k - 21 = 2*k - 4*u. Suppose 0 = 5*q + b - 16, k*q + b = -3*b + 19. Calculate the remainder when 11 is divided by q.
2
Let u(o) = -77*o - 49. What is the remainder when 61 is divided by u(-1)?
5
Let m(q) = q**2 - q + 11. Suppose 8*a + 12 = 11*a. Calculate the remainder when m(0) is divided by a.
3
Let j = 19 + -19. Calculate the remainder when 18 is divided by (j + 2/(-4))/(6/(-132)).
7
Suppose 152 = -8*k + 640. Calculate the remainder when k is divided by 5.
1
Suppose -435 = -16*k + 301. What is the remainder when 141 is divided by k?
3
Let f(m) = 659*m + 90. What is the remainder when f(1) is divided by 47?
44
Suppose -1705 = -2*k + 3*h - 114, -3*h = -3. Calculate the remainder when k is divided by 20.
17
Suppose 0 = -4*l - 87 + 147. Calculate the remainder when 47 is divided by l.
2
Suppose o + 54 = 10*o. Let r = 6 + 10. What is the remainder when r is divided by o?
4
Suppose u + 170 = 201. Calculate the remainder when 1547 is divided by u.
28
Let c(t) = -3*t. Let i(b) = -b**3 + 9*b**2 + 11*b - 5. Let w be i(10). Suppose -w = -5*q + 4*q. Calculate the remainder when c(-4) is divided by q.
2
Let i(s) be the first derivative of -3/2*s**2 - 3*s - 4 - 1/2*s**4 - s**3. What is the remainder when i(-4) is divided by 31?
27
Suppose -4*o + 15 = -2*a - 5, a = -4. Suppose -35 = -o*m - 2*m. Suppose 6*y - 4*n = 5*y, 0 = -4*n + 20. What is the remainder when y is divided by m?
6
Suppose 0 = -x - x + 24. Suppose 0 = -q - 2 - 7. Let k = 32 + q. Calculate the remainder when k is divided by x.
11
Calculate the remainder when (402 - (3 + -6)*1) + -1 is divided by 29.
27
Let s(d) = -d**3 + 4*d**2 - 3*d + 6. Let v be s(5). Let q = -4 - v. Calculate the remainder when q is divided by 17.
13
Suppose 5*d = 3*s + 4*d - 43, 8 = -2*d. Calculate the remainder when s is divided by 8.
5
Let c(f) = 23 + 13*f + 0 - 18*f. What is the remainder when c(-13) is divided by 23?
19
Suppose 25 = a + 20. Calculate the remainder when 30 is divided by a.
0
Let u(i) = -i**2 + 11*i - 9. Let h be (-22)/(-3) + 10/15. What is the remainder when u(h) is divided by (-2)/8 - 33/(-4)?
7
Suppose 5*d + 52 + 1 = 2*c, 2*c + 2*d = 88. Calculate the remainder when 140 is divided by c.
23
Suppose 18 = j + 2*a, 0*a = 5*a. What is the remainder when 28 is divided by j?
10
Let d(i) = -5*i**2 - 3*i - 14. Let b(w) = -4*w**2 - 4*w - 14. Let s(a) = -4*b(a) + 3*d(a). Calculate the remainder when 11 is divided by s(-4).
1
Let m = 315 - 298. Calculate the remainder when m is divided by 3.
2
What is the remainder when 85 is divided by -22*(-1 - 3/(-6))?
8
Let r(a) = -8*a - 149. Calculate the remainder when r(-30) is divided by 24.
19
Suppose 2*l - 38 = -4*u, 4*u = -l + 20 + 7. What is the remainder when l is divided by 8?
3
Let m = 11 - 8. Suppose -2*c + 3*c = 3. Suppose -p - 2*b = c*b + 7, 5*b + 39 = m*p. Calculate the remainder when 31 is divided by p.
7
Let i(x) = -6 - 2*x + 11*x + 6*x - 3*x. Let f = 12 + 3. What is the remainder when i(4) is divided by f?
12
Let n(s) = 202*s + 36. What is the remainder when n(2) is divided by 17?
15
What is the remainder when (-8)/10 + (0 - 5620/(-25)) is divided by 45?
44
Let j(p) = -p**3 - 6*p**2 - 6*p - 1. Let o be j(-4). What is the remainder when (2/(-6) + (-57)/9)*o is divided by 32?
28
Let m = 138 + -37. Let u = -49 + m. Suppose 2*l = -v + 2 + 18, 0 = -5*l - 3*v + u. Calculate the remainder when 39 is divided by l.
7
Suppose -16*i - 5*f = -11*i - 80, 3*i = -4*f + 53. Calculate the remainder when 97 is divided by i.
9
Suppose 2*r + 18 = -2*s + 60, 3*s + 13 = r. Calculate the remainder when r is divided by 3.
1
Suppose 0 = i, -i - 9 = 5*d - 79. Suppose 0 = 3*m - 3, -r + 0*r - 4*m - 86 = 0. Let h = -50 - r. What is the remainder when h is divided by d?
12
Let f be 1/(-3) + (-38)/(-6). Suppose 2*n + f + 0 = 0. Calculate the remainder when (-540)/(-14) + n/(-7) is divided by 20.
19
Let m(n) be the second derivative of 13*n**3/6 + 7*n**2 + 2*n + 12. Calculate the remainder when 66 is divided by m(0).
10
Suppose 91 - 267 = 4*w. What is the remainder when w/(-20) + -2 + (-79)/(-5) is divided by 6?
4
Let h(b) = 7*b + 1. Suppose 0 = 11*z - 168 + 3. What is the remainder when h(4) is divided by z?
14
Let a = 375 + -317. What is the remainder when a is divided by 4?
2
Suppose -1467*a + 126 = -1465*a. Calculate the remainder when 237 is divided by a.
48
Let v = 522 - 422. Calculate the remainder when v is divided by 34.
32
Let g(t) = -8*t - 30. Suppose 2 + 13 = -o. Calculate the remainder when g(o) is divided by 24.
18
Let q be ((-2)/6)/((20/(-24))/5). Let y be 382/14 + (-4)/14. Suppose -y - 19 = -q*j - 4*z, -2*j - z + 52 = 0. What is the remainder when 52 is divided by j?
25
Suppose 2*c - 4*a = -a + 55, -c - 2*a + 31 = 0. Let d = c - 8. Suppose 3*f + d = 63. What is the remainder when 41 is divided by f?
13
Let w(a) = -2*a**2 + 7 - 12*a + 4*a**2 + 18*a - 11. What is the remainder when 61 is divided by w(-5)?
13
Let j be (-4)/14 + 5*100/35. Suppose 17*o - j*o = 102. Calculate the remainder when 67 is divided by o.
33
Suppose 2*l - 953 = -3*f, 4*f - 1266 = 2*l - 0*l. Suppose -5 = -5*a, 0 = 6*g - 3*g + 5*a - f. Calculate the remainder when g is divided by 21.
20
Suppose 0 = 5*i + 5, -p + 5*i + 10 = 3. Let k be (16/20)/(p/10). Suppose -3*t - k*t = -231. Calculate the remainder when t is divided by 17.
16
Let y be -2 + 1/(3/(-6)). Calculate the remainder when (-19)/(-1) + y + 3 is divided by 3 + -2 + 12 - 3.
8
What is the remainder when 22 is divided by (-28)/(-70) + 18/5?
2
Suppose -2*i + 2*d + 18 = 0, -4*d = 5*i + 7 - 16. Let f(b) = b + 16. Calculate the remainder when 82 is divided by f(i).
19
Suppose 0*j - 2*j - 10 = -4*l, -10 = -2*l. Let t = j + 8. Let k(u) = 3*u**2 - 5*u + 9. What is the remainder when k(4) is divided by t?
11
Let p(b) = -2*b**3 + 5*b**2 - 6. Let s be p(3). Let n = 216 + s. What is the remainder when n is divided by 29?
27
Suppose -265 - 430 = -5*u + 5*f, -2*u - f + 272 = 0. Calculate the remainder when 533 is divided by u.
122
Let z be 43*(0 - 1)*1. Let d = z - -124. Suppose 9*s + 0*s = d. Calculate the remainder when 42 is divided by s.
6
Suppose 42*y - 1014 = -3*i + 45*y, 0 = 2*i + 3*y - 686. Calculate the remainder when i is divided by 82.
12
What is the remainder when 580/6*(-30)/(170/(-17)) is divided by 144?
2
Let s(x) = x - 11. Let b be s(8). Let l be b/1 + 31 + 0. Suppose g = 3*g - l. Calculate the remainder when g is divided by 5.
4
Let c = -70 + 89. Suppose -c = 4*s - 83. What is the remainder when 47 is divided by s?
15
Let k(j) = -j**2 - 3*j + 4. Let t be k(-10). Let o = -56 - t. What is the remainder when 36 is divided by o?
6
Let u(l) = -l**3 - 2*l**2 - 2*l + 9. Let w = -41 - -73. What is the remainder when u(-5) is divided by w?
30
Let j(w) = 49*w**3 + 6*w - 5. Calculate the remainder when j(1) is divided by 31.
19
Let h(a) = 2*a**2 - 4*a + 3. Suppose -57 = -828*w + 825*w. What is the remainder when h(7) is divided by w?
